k) = 416812*k + 833627. Determine p(-2).
3
Let i(a) = 351*a**2 - 466*a + 113. Give i(1).
-2
Let r(b) = -1531*b**2 + 3075*b - 8. What is r(2)?
18
Let o(m) = 44*m**2 - 600*m - 2379. What is o(-4)?
725
Let a(p) = -6*p**3 + 537*p**2 - 275*p + 743. Determine a(89).
31
Let g(l) = l**3 + 26*l**2 - 223*l - 6097. Give g(-25).
103
Let k(s) = 4*s**2 + 1129*s - 965319. What is k(370)?
11
Let t(h) = 1496*h - 14069. What is t(9)?
-605
Let h(g) = -715*g**3 + 44*g - 43. Calculate h(1).
-714
Let u(h) = 1312*h + 6212. Calculate u(-5).
-348
Let h(n) = 110*n**3 - 6*n**2 - 28*n - 37. Determine h(-2).
-885
Let g(v) = -8*v**3 + 2*v**2 - 31498*v - 31500. Determine g(-1).
8
Let n(j) = -3669*j - 891570. What is n(-243)?
-3
Let y(v) = 1096*v + 988. Determine y(-1).
-108
Let t(p) = p**3 - 228*p**2 + 730*p - 12375. Determine t(225).
0
Let f(n) = -n**3 + 671*n**2 + 2952*n - 170108. Give f(675).
-8
Let x(o) = -564*o**2 - 12966*o - 10. Calculate x(-23).
-148
Let o(a) = a**2 - 10068*a - 2105861. Determine o(-205).
104
Let q(h) = 48*h**2 + 364*h - 144. Give q(-8).
16
Let m(c) = -7*c**2 - 7455*c + 269527. Calculate m(-1100).
27
Let o(g) = -30*g**3 - 138*g**2 + 7*g - 41. Calculate o(-5).
224
Let b(s) = -162*s**2 + 11018*s - 105. Give b(68).
31
Let h(o) = 1023*o - 8879. Determine h(6).
-2741
Let n(o) = 2*o**2 - 23743*o + 47490. Calculate n(2).
12
Let w(f) = 314*f**3 + 204418*f**2 + 2618*f + 9119. Calculate w(-651).
5
Let q(r) = -50*r**2 - 2802*r - 171. Give q(-56).
-59
Let o(s) = 6*s**2 - 55841*s - 3258968. Give o(-58).
-6
Let w(a) = 2854*a + 88366. What is w(-31)?
-108
Let n(u) = 8*u**3 - 896*u**2 + 891*u - 324. What is n(111)?
9
Let j(q) = -1313*q + 68184. Calculate j(52).
-92
Let j(y) = -244*y + 15934. Give j(65).
74
Let d(f) = -664*f - 175357. Calculate d(-264).
-61
Let g(v) = -13*v**3 - 391*v**2 - 13*v + 514. Give g(-30).
4
Let b(u) = -42713*u + 7688332. Calculate b(180).
-8
Let c(s) = -17*s**3 + 70*s**2 + 34*s + 191. Determine c(5).
-14
Let s(b) = 75247*b - 75443. Give s(1).
-196
Let t(y) = -y**3 + 39*y**2 + 4*y - 210. What is t(39)?
-54
Let q(x) = 14*x - 618. Determine q(49).
68
Let k(l) = 12*l**2 - 172*l - 2881. Determine k(24).
-97
Let i(y) = -5307*y + 96036. Calculate i(18).
510
Let g(a) = 355*a + 1449. Determine g(-5).
-326
Let c(p) = p**3 - 8*p**2 - 129*p - 379. Give c(-6).
-109
Let i(o) = -o**3 - 51*o**2 - 215*o - 1737. Determine i(-48).
1671
Let a(h) = -h**2 + 367*h - 30129. Determine a(124).
3
Let l(m) = -m**2 + 741*m + 239130. Give l(-243).
18
Let j(r) = 2498*r - 164692. Determine j(66).
176
Let a(y) = -y**2 - 105098*y + 210201. Give a(2).
1
Let a(p) = 16693*p + 16683. Give a(-1).
-10
Let r(j) = 2543*j + 125598. Give r(-49).
991
Let u(r) = -r**2 + 3037*r + 15168. Give u(-5).
-42
Let d(g) = g**3 - 34*g**2 + 17*g - 636. What is d(34)?
-58
Let t(q) = q**2 + 12542*q + 337969. Give t(-27).
64
Let u(z) = 20*z**3 + 229*z**2 + 99*z + 71. Determine u(-11).
71
Let g(d) = -2*d**3 + 25*d**2 - 3*d - 505. Determine g(6).
-55
Let n(y) = -177*y + 3332. What is n(14)?
854
Let n(v) = -21840*v + 3647282. What is n(167)?
2
Let z(h) = -76*h**2 + 1448*h + 35162. What is z(-14)?
-6
Let d(o) = 304*o**2 - 314*o - 10. Calculate d(-2).
1834
Let t(r) = 10*r - 1085. Calculate t(7).
-1015
Let z(f) = -17*f**3 + 1112*f**2 + 664*f - 22. What is z(66)?
242
Let x(r) = r**3 - 319*r**2 - 1626*r + 1938. What is x(324)?
-6
Let h(b) = 5995*b + 246296. Give h(-41).
501
Let j(s) = -5683*s - 102437. Calculate j(-18).
-143
Let q(n) = 5402*n - 280893. What is q(52)?
11
Let g(t) = 97*t + 17792. Calculate g(-182).
138
Let a(q) = 30*q**2 + 22924*q + 94237. What is a(-760)?
-3
Let r(k) = -74888*k + 1647503. Determine r(22).
-33
Let c(g) = -g**3 + g**2 - 1945*g + 9753. Give c(5).
-72
Let r(k) = 17*k**3 + 110*k**2 - 65*k - 337. What is r(-8)?
-1481
Let d(y) = -1522*y + 4241. Give d(3).
-325
Let r(a) = -5*a**2 - 90*a + 433. What is r(6)?
-287
Let c(f) = 1004*f + 3001. Give c(-3).
-11
Let j(p) = 2*p**3 - 29*p**2 + 2*p - 285. Calculate j(15).
-30
Let m(i) = -i**3 - 21*i**2 - 194*i - 718. What is m(-8)?
2
Let a(n) = n**3 - 76*n**2 - 316*n - 305. Determine a(80).
15
Let v(o) = -o**2 + 16255*o - 48727. What is v(3)?
29
Let z(o) = 371*o + 8225. Determine z(-22).
63
Let q(u) = 9*u**2 - 5*u - 145. What is q(-5)?
105
Let r(n) = -16437*n + 49086. Determine r(3).
-225
Let q(a) = -88382*a + 795428. Calculate q(9).
-10
Let l(a) = 36861*a + 24328250. Determine l(-660).
-10
Let h(u) = -142*u**2 + 602*u - 135. Calculate h(4).
1
Let v(r) = 9801*r - 49019. Determine v(5).
-14
Let u(h) = 530*h + 334960. What is u(-632)?
0
Let m(t) = -24*t**3 + 1664*t**2 + 1125*t - 358. Determine m(70).
-8
Let x(i) = -14491*i - 2362115. What is x(-163)?
-82
Let f(j) = -j**3 + 28*j**2 + 91*j + 195. Determine f(29).
1993
Let i(h) = -2*h**3 - 131*h**2 - 1978*h + 5260. Determine i(-36).
4
Let c(w) = 2*w**2 - 563*w + 33648. Determine c(198).
582
Let y(x) = 60*x**3 - 347*x**2 + 10*x - 36. Give y(6).
492
Let h(l) = -2*l**3 + 44*l**2 - 32*l - 718. What is h(19)?
840
Let h(f) = 177113*f + 177031. Determine h(-1).
-82
Let t(q) = -196*q**3 - q**2 - 551*q + 1098. Determine t(2).
-1576
Let p(o) = -3*o**2 + 323*o - 2194. Calculate p(7).
-80
Let i(z) = 3*z**3 + 40*z**2 - 569*z - 7568. Determine i(-14).
6
Let y(p) = -p**3 + 596*p**2 + 158206*p + 196. What is y(-199)?
-3
Let f(z) = 308*z + 16836. Determine f(-52).
820
Let k(z) = -z**3 - 38*z**2 + 8*z + 2652. Determine k(-36).
-228
Let r(f) = 120*f - 17618. Give r(147).
22
Let a(p) = 301508*p + 6331663. Determine a(-21).
-5
Let o(z) = z**3 + 110*z**2 + 771*z + 5145. What is o(-103)?
-5
Let k(h) = 54800*h + 1643993. What is k(-30)?
-7
Let o(a) = 227*a**3 + 3*a**2 - 213*a - 214. Give o(-1).
-225
Let s(q) = q**2 + 118*q - 10521. Determine s(58).
-313
Let t(k) = -2070*k - 17579. Give t(-8).
-1019
Let u(a) = -207*a**2 + 385*a - 188. What is u(1)?
-10
Let z(i) = -151696*i - 1365254. Give z(-9).
10
Let z(g) = 2*g**2 + 372*g + 2867. Calculate z(-8).
19
Let r(l) = l**2 + 52*l - 175687. Calculate r(-446).
37
Let g(m) = -50*m + 5457. Determine g(109).
7
Let v(h) = 40300*h + 1571701. Determine v(-39).
1
Let d(z) = z**3 - 4*z**2 - 155*z - 1734. Calculate d(18).
12
Let l(o) = 21186*o + 593179. Determine l(-28).
-29
Let t(v) = 7*v**3 - 2*v**2 - 14*v + 58. Calculate t(-7).
-2343
Let t(k) = k**2 + 235*k + 13715. Determine t(-92).
559
Let m(n) = -63*n - 279. Give m(-7).
162
Let f(r) = -3*r**3 + 380*r**2 + 124*r - 37. What is f(127)?
-418
Let z(f) = -1266*f - 41476. What is z(-32)?
-964
Let z(h) = 5619*h**2 - 22439*h - 7. Give z(4).
141
Let w(t) = -1392*t - 198. Give w(-1).
1194
Let x(u) = 4*u**3 - 1091*u**2 - 384*u + 30142. Calculate x(273).
-161
Let n(u) = -20*u**3 + 24*u + 5. What is n(3)?
-463
Let x(t) = -t**3 + 27*t**2 - 98*t - 65. Determine x(23).
-203
Let q(l) = -l**3 - 10*l**2 + 168*l + 1979. What is q(-15)?
584
Let g(w) = -w**3 - 8765*w**2 - 52544*w + 54. Calculate g(-6).
-6
Let q(k) = 8719*k - 51726. What is q(6)?
588
Let q(l) = -l**3 + 13*l**2 + 2129*l - 398. What is q(53)?
79
Let c(t) = -3*t**2 - 1503*t - 35706. What is c(-25)?
-6
Let j(d) = 948*d + 9457. Give j(-10).
-23
Let c(g) = -27*g**2 + 963*g + 1900. Determine c(-2).
-134
Let l(v) = -208*v**2 + 2906*v + 4. Give l(14).
-80
Let l(u) = u**3 + 90*u**2 - 470*u - 25. What is l(5)?
0
Let j(m) = -m**2 - 123*m - 2982. Calculate j(-96).
-390
Let y(w) = -w**2 - 636*w + 5723. What is y(9)?
-82
Let f(r) = -r**2 + 342*r - 2329. Calculate f(7).
16
Let l(n) = 12*n**2 + 2574*n - 113398. Determine l(-252).
2
Let y(v) = 6381*v - 650857. Calculate y(102).
5
Let v(u) = 16*u**2 + 439*u + 2217. Calculate v(-6).
159
Let s(k) = -25*k - 446. Give s(-4).
-346
Let g(o) = -2*o**2 + 320*o - 4531. Calculate g(14).
-443
Let c(y) = -y**2 + 199*y + 458628. What is c(-585)?
-12
Let g(c) = 4*c**3 + 1847*c**2 - 622*c - 73912. Determine g(-462).
8
Let m(a) = 3351*a**2 + 6698*a + 5. What is m(-2)?
13
Let x(d) = -d**2 - 38*d - 285. Calculate x(-9).
-24
Let a(i) = -15*i**2 - 1365*i + 1323. What is a(-92)?
-57
Let k(s) = s**2 - 301*s + 22068. Give k(126).
18
Let z(v) = 10918*v - 1135071. Calculate z(104).
401
Let d(r) = r**3 - 114*r**2 + 755*r - 40. Give d(7).
2
Let n(l) = l**3 + 16*l**2 - 63*l - 1145. Give n(-15).
25
Let y(b) = -b**2 + 197*b + 4740. What is y(-22)?
-78
Let g(z) = 2*z**2 - 104*z - 195843.